s the remainder when m is divided by v?
4
Suppose -3*o + 35 = -2*t + 5, 3*o - 27 = t. What is the remainder when 47 is divided by o?
7
Let u = -566 - -610. Calculate the remainder when 175 is divided by u.
43
Let t = -78 - -31. Let j = -42 - t. What is the remainder when 10 is divided by j?
0
Suppose 48*a - 46*a = 4, 96 = 4*h + 2*a. Calculate the remainder when 131 is divided by h.
16
Suppose 2*w - 5*j = -3*w + 75, 0 = j - 4. Calculate the remainder when 67 is divided by w.
10
Let g = -19 - -20. Let w = g + -1. Suppose x + 2*x - 9 = w. What is the remainder when x is divided by 1?
0
Suppose 0 = -5*y + 6*y + 5*o - 34, -74 = -2*y - 4*o. Calculate the remainder when 89 is divided by y.
11
Suppose -2057 = -54*f - 707. Calculate the remainder when 648 is divided by f.
23
Calculate the remainder when 4/(-26) + (-32103)/(-377) is divided by 43.
42
Suppose 0 = 4*l + 2*k - 104, -3 = l - 5*k - 18. Let t = l + -23. Suppose -4*n + 16 = t*b, -4*b + 66 + 2 = -n. What is the remainder when 47 is divided by b?
15
Let w = -3 - -5. Let d = -287 + 307. What is the remainder when (76/w)/(2/3) is divided by d?
17
Let h(y) = -19*y**2 + y + 1. Let c be h(-1). Let v = -2 - c. What is the remainder when v is divided by (1 - 1 - -1) + (-11 - -17)?
3
Let n be ((-12)/(-3))/(28/21). Suppose 75 = n*q - 4*a + 2*a, -5*q + 127 = -4*a. What is the remainder when q is divided by 18?
5
Suppose -8*u + 13 = -107. Calculate the remainder when 145 is divided by u.
10
Let i be (1*12)/((-36)/48). Let h be (-2)/(-8) - 76/i. Suppose -3*n + 10*u - h*u = -227, n + 3*u - 57 = 0. What is the remainder when n is divided by 24?
21
Suppose 0*s + 48 = -2*s. Let v = 6 - s. Let z = v - 24. What is the remainder when 9 is divided by z?
3
Let k = 471 - 433. Calculate the remainder when 134 is divided by k.
20
Suppose 4*p = 5*o - 3*o + 208, -3*o + 282 = 5*p. Calculate the remainder when p is divided by 20.
14
Suppose -n + 20 = -4*a, 0*n + 80 = 4*n + a. Let p(c) = c**3 - 22*c**2 - 9*c + 50. Let v be p(23). Calculate the remainder when n is divided by 1/(-5) + v/60.
2
Suppose 0 = 3*a - 5*a + 14. Suppose -5*o = a - 32. Suppose 2*l + 5*d - 25 = 0, 0 = -2*l + 2*d + 41 + o. Calculate the remainder when 77 is divided by l.
17
Let m = -413 - -435. Calculate the remainder when 144 is divided by m.
12
Let o(j) = 2*j + 21. Let w be o(-9). Suppose w*r - r + 21 = p, -r - 69 = -5*p. What is the remainder when ((-10)/(-15))/((-2)/(-108)) is divided by p?
10
Let f(p) = 8*p - 35. Let u = 174 - 137. Calculate the remainder when u is divided by f(6).
11
Suppose -f - 144 = -5*x - 0*x, 5*f + 24 = x. What is the remainder when 76 is divided by x?
18
Let t(f) = -f**2 - 6*f - 4. Let s(r) = -r**2 + 14*r - 14. Let i be s(12). Calculate the remainder when i*(-1 - (-5)/2) is divided by t(-4).
3
Let f(j) = -4*j**2 - 48*j - 3. Calculate the remainder when 81 is divided by f(-11).
40
Let b be -9 + (40/4)/(-2). What is the remainder when (b - 18)*((-15)/6)/1 is divided by 28?
24
Let i = -90 - -98. Suppose i*d = 888 + 104. What is the remainder when d is divided by 32?
28
Suppose -4*t + 5 = 2*s - 1, -3*s - t = -19. Let m be (-6)/36 + 578/12. Let p = m + -28. What is the remainder when p is divided by s?
6
What is the remainder when (-3114)/(-14) + 153/(-357) is divided by 12?
6
Calculate the remainder when 294 is divided by (-7 - -17 - 6) + 5.
6
Suppose 625*c - 620*c = 60. Calculate the remainder when 105 is divided by c.
9
Let a = 1145 + -1097. What is the remainder when 239 is divided by a?
47
Suppose 0*q = -4*q - 5*g - 325, 4*g - 12 = 0. Calculate the remainder when (96/80)/((-1)/q) is divided by 26.
24
Let j(b) = b**3 - 12*b + 9. Let z = -1 + 1. Calculate the remainder when ((-98)/1 + z)/(-2) is divided by j(4).
24
Suppose -2*y = 5*g - 37, 2*g + 38 = 13*y - 9*y. What is the remainder when (-16)/(-64) - (-203)/4 is divided by y?
7
Let h(j) = 13*j - 14. Let k be h(-4). Let w = k - -97. What is the remainder when w is divided by 18?
13
Let u(l) = -l**3 + 13*l**2 + 30*l + 5. Let z be u(15). Suppose -z*y - 5 = -15. Calculate the remainder when 7 is divided by y.
1
Let x = 100 + -26. Suppose 0 = 5*v + 41 - 61. What is the remainder when x is divided by (702/(-4))/(-9) + (-2)/v?
17
Let s = -147 - -188. Calculate the remainder when 163 is divided by s.
40
Let p(w) = -w**2 + 18*w - 17. Calculate the remainder when 74 is divided by p(16).
14
Let a(i) = 27*i + 1. Let n = -38 + 132. Suppose r + n = 3*r + 3*u, -5*r + 3*u = -277. What is the remainder when r is divided by a(1)?
25
Let z = -19 - -24. Suppose -115 = -0*v - z*v. Let g(y) = -y**3 + 3*y**2 + 2*y + 6. Calculate the remainder when v is divided by g(3).
11
Let h = -1829 - -2121. Calculate the remainder when h is divided by 14.
12
Let x be 36*-1*(-8)/6. Let m = x + 14. Suppose -3*k + 2*k + m = 0. Calculate the remainder when k is divided by 16.
14
Let n(y) = -y**3 + y**2 + 3. Let v(i) = -i**2 - 6*i + 17. Let h = -6 + 0. What is the remainder when n(-4) is divided by v(h)?
15
Suppose -50 = -3*d - 3*k + 7, -4*d + 2*k = -70. What is the remainder when 34 is divided by d?
16
Suppose -2*f = -f + i - 7, f + 4*i = -5. Let v(k) = k**3 + k + f*k**2 + 0 + 16 + 11 - 13*k**2. Calculate the remainder when 132 is divided by v(0).
24
Let v(q) = -9*q + 13. Let z be v(-4). What is the remainder when -2 - 1/((-1)/z) is divided by 12?
11
Calculate the remainder when (154/(-21))/(-11) - 388/(-3) is divided by 34.
28
Suppose 4*c + p = 357, 0 = -23*p + 20*p + 3. Calculate the remainder when c is divided by 32.
25
Let q(p) = -p**3 - 30*p**2 + 60*p + 110. What is the remainder when q(-32) is divided by 60?
58
Suppose -2*l = 2*c + 60, -39 = 5*c + l + 91. Let v = -13 - c. Calculate the remainder when 44 is divided by v.
8
Suppose 3*q = 5*p + 2*q + 836, -2*p - 2*q - 344 = 0. What is the remainder when (-5 + 7)/((-4)/p) is divided by 22?
18
Let y(q) = -4*q - 21. Let p be y(-5). Calculate the remainder when 51 is divided by (-7)/(-14)*(27 + p).
12
Suppose 2*l - s = 12, -l + 5*l + 3*s - 4 = 0. Suppose 9*u = -u + 90. Suppose 5*t + 4*n = 33, -2*n + 5*n + u = 0. What is the remainder when t is divided by l?
1
Let n(y) = 5*y + 9. Let z be n(-5). Let w = z + 75. What is the remainder when w is divided by 15?
14
Let i = 19 + -1. What is the remainder when -1*(-464)/20 + ((-24)/(-15))/2 is divided by i?
6
Suppose -4*b + 25 = z, 3*b = b + 10. Suppose 0 = -h + 5*k + 38, -z*h - k = -0*h - 86. What is the remainder when h is divided by 5?
3
Let z(t) = 6*t - t**2 + 0*t - 31 + 20. Let p be z(5). Let c = 44 + p. What is the remainder when c is divided by 10?
8
Let c(i) = i**3 + 6*i**2 - 8*i - 3. Let d(y) = 10*y**2 + 70*y + 23. Calculate the remainder when c(-6) is divided by d(-7).
22
Suppose -g - 2*g + 24 = 0. Let h(x) = x**3 - 9*x**2 + 3*x + 8. Let v be h(8). Let z = 70 + v. What is the remainder when z is divided by g?
6
Suppose 2*z = 5*m + 16, -3*z - z + 20 = -4*m. Let w(y) = -3*y**3 + 3*y**2 + 6*y + 7. Calculate the remainder when w(m) is divided by 16.
15
Let n = 1978 + -1885. Let d(v) = -2*v**3 + 2*v**2 + v + 2. What is the remainder when n is divided by d(-2)?
21
Suppose 5*d - 4*d = -50. Let f be (-42)/(-10) - 40/d. Suppose -20 = -f*h - 5. What is the remainder when h is divided by 3?
0
What is the remainder when 97 is divided by ((-152)/228)/(-1*4/174)?
10
Let w = 72 + -70. Suppose -b + 23 = 7*y - w*y, -2*b + 10 = y. What is the remainder when 8 is divided by b?
2
Suppose -j + 3*a = 3*j - 51, 5*a + 15 = 2*j. Suppose -14*k = -5186 + 4822. Calculate the remainder when k is divided by j.
11
Suppose -17 - 8 = -5*l. Suppose l*z - 44 = -4*y, -2*y - 76 = -5*z + 2*y. What is the remainder when (-10)/15*63/(-2) is divided by z?
9
Suppose -14*h - 8 = -15*h. Calculate the remainder when (h - 12)*(-10)/4 is divided by 2.
0
Let w(s) = 55*s**2 - 6*s + 5. Calculate the remainder when w(1) is divided by 15.
9
Suppose -4*k + 0 = g - 22, -4*k = 5*g - 62. What is the remainder when g is divided by 4?
2
Let o = 3 - -22. Let y be ((-24)/28)/6 + 26/(-14). What is the remainder when y/(-3) - (-2465)/51 is divided by o?
24
Calculate the remainder when (-1 + 3)/((36/(-3339))/(-2)) is divided by 42.
35
Let l = 54 + -31. Suppose 4*p = -v + l, 2*v + 4*p - 9 = 17. Suppose -v*d = 2*j - 76, 62 = 4*j - 3*d - 72. What is the remainder when j is 